NOAA-Style Climate Reports


Report for 2019 September
                   Monthly Climatological Summary for Sep 2019

Name: Nightingale Weather   City: Eastleigh   State: Hampshire, UK
Elevation: 26 m  Lat: N 50 57 56   Lon: W 001 22 50

                  Temperature (°C), Rain (mm), Wind Speed (mph)

                                      Heat  Cool        Avg
    Mean                              Deg   Deg         Wind                 Dom
Day Temp  High   Time   Low    Time   Days  Days  Rain  Speed High   Time    Dir
----------------------------------------------------------------------------------
01  15.4  21.3   15:20   9.9   05:00   3.3   0.4   0.0   0.0  10.0   15:09     N
02  15.1  21.2   15:09   7.7   05:22   3.6   0.4   0.0   0.0   5.0   14:04     N
03  17.4  21.2   17:34  15.1   02:38   1.3   0.4   0.0   0.0   4.0   03:00     N
04  16.7  19.8   16:16  13.2   23:35   1.7   0.1   0.0   0.0  18.0   15:38   WNW
05  14.7  18.8   17:43  11.7   06:14   3.6   0.0   0.0   0.0   5.0   17:56    NW
06  13.8  18.4   15:07   7.5   06:30   4.5   0.0   0.0   0.0  10.0   10:28     N
07  14.3  19.6   16:35   9.2   00:00   4.1   0.0   0.0   0.0   2.0   08:06     N
08  12.8  20.0   16:13   5.2   06:41   5.6   0.1   0.0   0.0   3.0   04:38     N
09  13.2  15.6   12:11  11.7   06:18   5.1   0.0   0.0   0.0   7.0   14:44     N
10  15.0  20.2   14:20  10.6   06:57   3.5   0.2   0.0   0.0   2.0   09:41     N
11  17.0  20.4   11:59  13.1   02:48   1.8   0.5   0.0   0.0   8.0   08:35     N
12  17.7  23.1   13:19  13.8   04:08   1.5   0.9   0.0   0.0   8.0   16:17     N
13  17.6  23.5   15:30  12.2   23:58   1.7   1.1   0.0   0.0   1.0   05:35     N
14  15.9  24.3   15:58   8.8   06:30   3.8   1.4   0.0   0.0   5.0   18:28     N
15  16.5  25.6   15:33   7.5   06:57   3.7   1.9   0.0   0.0   5.0   09:55     N
16  17.6  20.8   17:05  15.3   01:16   1.3   0.6   0.0   0.0   7.0   01:46     N
17  15.7  21.6   15:28  10.8   07:02   3.1   0.5   0.0   0.0   6.0   08:35     N
18  14.1  21.3   15:54   7.6   07:10   4.8   0.5   0.0   0.0   3.0   09:25     N
19  14.4  22.6   15:41   7.9   05:56   4.6   0.7   0.0   0.0   3.0   09:40     N
20  15.8  22.7   16:11  10.1   06:38   3.5   0.9   0.0   0.0  13.0   16:53   ENE
21  17.4  24.4   15:33  10.0   05:30   2.5   1.6   0.0   0.0  11.0   12:59     N
----------------------------------------------------------------------------------
    15.6  25.6    15     5.2     8    68.6  12.2   0.0   0.0  18.0     4     ENE

Max >=  27.0  0
Max <=   0.0  0
Min <=   0.0  0
Min <= -18.0  0
Max Rain: 0.0 on day 0
Days of Rain: 0 (>= 0.2 mm)  0 (>= 2.0 mm)  0 (>= 20.0 mm)
Heat Base: 18.3  Cool Base: 18.3  Method: Integration