NOAA-Style Climate Reports


Report for 2017 September
                   Monthly Climatological Summary for Sep 2017

Name: Nightingale Weather   City: Eastleigh   State: Hampshire, UK
Elevation: 26 m  Lat: N 50 57 56   Lon: W 001 22 50

                  Temperature (°C), Rain (mm), Wind Speed (mph)

                                      Heat  Cool        Avg
    Mean                              Deg   Deg         Wind                 Dom
Day Temp  High   Time   Low    Time   Days  Days  Rain  Speed High   Time    Dir
----------------------------------------------------------------------------------
01  15.7  22.1   16:35   9.8   06:13   3.4   0.8   0.0   1.4  14.0   16:49    NW
02  15.1  21.1   14:04  10.0   06:41   3.6   0.5   0.0   1.7  10.0   17:17   WNW
03  13.3  15.6   23:25  10.0   03:24   5.0   0.0  12.8   3.0  18.0   17:00    SE
04  17.8  21.1   15:11  15.4   00:12   1.0   0.5   1.4   2.8  15.0   17:21     S
05  16.9  18.4   18:38  13.7   23:57   1.4   0.0   0.8   3.7  22.0   20:43    SW
06  15.1  18.9   16:36  12.0   02:20   3.2   0.0   0.2   3.8  19.0   15:30     W
07  15.5  20.1   13:58  11.3   05:19   2.9   0.1   0.2   3.0  17.0   21:20   WSW
08  15.3  17.3   14:59  12.4   23:56   3.0   0.0   6.8   3.2  17.0   16:38   WSW
09  12.8  17.9   14:15  10.0   23:54   5.5   0.0   5.4   3.2  24.0   14:33     W
10  12.5  16.7   12:25   7.5   06:30   5.8   0.0   1.6   3.7  24.0   16:56    SW
11  14.0  18.8   12:35  11.2   01:34   4.3   0.0   4.4   6.4  28.0   10:38   WSW
12  13.9  18.6   13:14  10.5   04:22   4.4   0.0   3.0   5.1  30.0   21:51    SW
13  14.2  18.2   12:55  10.9   23:58   4.1   0.0   3.8   6.0  30.0   03:34   WSW
14  11.6  17.9   13:38   8.1   06:16   6.7   0.0   1.8   4.3  21.0   16:02   WNW
15  11.2  17.2   15:36   7.7   04:39   7.1   0.0   6.4   1.5  17.0   14:38    NW
16  11.6  16.8   14:12   8.2   02:29   6.7   0.0  11.4   1.2  11.0   15:04    NW
17  11.2  16.3   16:38   8.1   01:50   7.1   0.0   0.0   1.2  14.0   15:32    NW
18  12.5  17.7   14:57   8.6   04:59   5.8   0.0   2.0   2.6  13.0   13:35   WNW
19  12.8  18.4   15:22   8.9   07:18   5.5   0.0   0.4   1.6  12.0   13:25     W
20  14.1  18.4   14:16   9.2   04:43   4.2   0.0   0.0   2.2  17.0   16:23   SSW
21  14.6  16.3   17:03   9.2   23:53   3.7   0.0   1.0   3.6  18.0   11:04     S
22  12.1  18.6   14:11   4.4   07:14   6.2   0.0   0.0   2.0  18.0   15:00     S
23  15.5  20.1   14:19  11.9   23:10   3.0   0.2   0.6   2.4  16.0   12:37    SE
24  15.7  20.3   12:44  10.9   06:53   2.8   0.2   0.4   2.8  17.0   11:54   ESE
----------------------------------------------------------------------------------
    14.0  22.1     1     4.4    22   106.4   2.3  64.4   3.0  30.0    12     WSW

Max >=  27.0  0
Max <=   0.0  0
Min <=   0.0  0
Min <= -18.0  0
Max Rain: 12.8 on day 3
Days of Rain: 19 (>= 0.2 mm)  9 (>= 2.0 mm)  0 (>= 20.0 mm)
Heat Base: 18.3  Cool Base: 18.3  Method: Integration