NOAA-Style Climate Reports


Report for 2019 November
                   Monthly Climatological Summary for Nov 2019

Name: Nightingale Weather   City: Eastleigh   State: Hampshire, UK
Elevation: 26 m  Lat: N 50 57 56   Lon: W 001 22 50

                  Temperature (°C), Rain (mm), Wind Speed (mph)

                                      Heat  Cool        Avg
    Mean                              Deg   Deg         Wind                 Dom
Day Temp  High   Time   Low    Time   Days  Days  Rain  Speed High   Time    Dir
----------------------------------------------------------------------------------
01  13.9  15.1   21:06  11.3   00:00   4.4   0.0   0.0   0.0   9.0   15:18     N
02  11.7  13.4   00:00   8.6   23:57   6.6   0.0   0.0   0.7  35.0   09:16    SW
03   9.0  13.8   15:07   3.2   06:40   9.3   0.0   0.0   0.7  14.0   12:35     W
04   9.3  12.6   14:36   6.6   07:03   9.0   0.0   0.0   0.0   7.0   14:40    SE
05   9.9  12.4   14:27   8.2   07:07   8.4   0.0   0.0   0.5  13.0   20:06   NNW
06   8.3  11.9   11:25   4.2   07:44  10.0   0.0   0.0   0.9  11.0   00:29   SSW
07   6.8  11.7   13:26   1.9   23:45  11.5   0.0   0.0   1.2  15.0   08:05   WSW
08   4.6   9.3   14:21   0.2   06:27  13.7   0.0   0.0   0.5  11.0   13:41    NW
09   4.8   8.7   15:43  -0.8   07:17  13.5   0.0   0.0   0.3  14.0   14:55    SE
10   7.2  11.2   12:25   5.1   22:06  11.1   0.0   0.0   0.4  12.0   11:21    NE
11   7.5  10.1   12:16   5.1   21:19  10.8   0.0   0.0   1.2  19.0   09:19     W
12   6.5   9.6   12:24   3.1   03:30  11.8   0.0   0.0   1.1  21.0   13:45   WSW
13   6.5  10.3   12:39   2.6   07:02  11.8   0.0   0.0   0.4  20.0   19:27   SSE
14   4.3   6.4   14:53   1.9   07:56  14.0   0.0   0.0   0.0   5.0   18:34    NW
----------------------------------------------------------------------------------
     7.9  15.1     1    -0.8     9   145.9   0.0   0.0   0.6  35.0     2     WSW

Max >=  27.0  0
Max <=   0.0  0
Min <=   0.0  1
Min <= -18.0  0
Max Rain: 0.0 on day 0
Days of Rain: 0 (>= 0.2 mm)  0 (>= 2.0 mm)  0 (>= 20.0 mm)
Heat Base: 18.3  Cool Base: 18.3  Method: Integration