NOAA-Style Climate Reports


Report for 2018 February
                   Monthly Climatological Summary for Feb 2018

Name: Nightingale Weather   City: Eastleigh   State: Hampshire, UK
Elevation: 26 m  Lat: N 50 57 56   Lon: W 001 22 50

                  Temperature (°C), Rain (mm), Wind Speed (mph)

                                      Heat  Cool        Avg
    Mean                              Deg   Deg         Wind                 Dom
Day Temp  High   Time   Low    Time   Days  Days  Rain  Speed High   Time    Dir
----------------------------------------------------------------------------------
01   5.0   8.7   14:19   2.9   00:12  13.3   0.0   0.0   5.6  25.0   12:35   WNW
02   5.0   9.0   13:23   2.3   02:46  13.3   0.0   0.0   4.3  20.0   11:00    NW
03   4.5   6.2   15:30   3.3   02:55  13.8   0.0   1.6   0.8   8.0   23:44   ENE
04   3.6   6.9   15:01   0.9   23:50  14.7   0.0   0.0   3.2  20.0   05:58   NNE
05   1.7   4.9   13:47   0.1   01:30  16.6   0.0   0.2   2.2  15.0   11:23   NNE
06   1.5   5.1   13:20  -0.8   03:19  16.8   0.0   0.0   2.3  13.0   12:21     N
07   2.3   6.6   13:59  -1.7   23:54  16.0   0.0   0.0   2.8  17.0   11:25   NNW
08   3.1   7.8   12:06  -3.7   05:50  15.2   0.0   1.0   3.3  25.0   23:12     S
09   4.8   7.7   04:08  -0.2   23:14  13.5   0.0   3.8   6.7  26.0   11:19     W
10   4.7  10.6   23:44  -2.8   05:53  13.6   0.0   3.2   3.4  27.0   15:35   SSW
11   5.0  10.4   00:00   1.7   23:59  13.3   0.0   0.4   7.8  32.0   01:05     W
12   3.5   8.3   14:54  -1.7   07:15  14.8   0.0   1.6   3.4  24.0   20:01   WSW
13   4.5   6.3   14:47   0.8   23:40  13.8   0.0   8.8   8.1  33.0   07:35     S
14   3.9  10.0   23:39  -2.2   04:48  14.4   0.0   9.2   5.0  29.0   09:54   SSE
15   7.8  10.5   14:06   3.2   23:58  10.5   0.0   0.4   4.7  20.0   15:35     W
16   4.5  10.9   13:14  -1.0   07:11  13.8   0.0   0.2   1.4  13.0   13:58   SSE
17   5.3  10.3   14:07   0.3   07:18  13.0   0.0   0.0   1.2  11.0   11:25     S
18   6.7   9.2   13:07   3.9   00:06  11.6   0.0   0.2   2.2  15.0   11:01    SE
19   9.7  12.6   15:05   7.3   00:00   8.6   0.0   2.0   2.2  14.0   20:04    NW
20   9.2  11.1   14:53   6.8   22:46   9.1   0.0   0.0   5.0  28.0   10:34   NNW
21   4.9   9.2   13:47   2.0   07:15  13.4   0.0   0.0   1.7  13.0   11:46   NNE
22   3.4   7.2   12:57  -0.6   23:59  14.9   0.0   0.0   1.7  14.0   13:03    NE
----------------------------------------------------------------------------------
     4.8  12.6    19    -3.7     8   298.0   0.0  32.6   3.6  33.0    13       W

Max >=  27.0  0
Max <=   0.0  0
Min <=   0.0  9
Min <= -18.0  0
Max Rain: 9.2 on day 14
Days of Rain: 13 (>= 0.2 mm)  5 (>= 2.0 mm)  0 (>= 20.0 mm)
Heat Base: 18.3  Cool Base: 18.3  Method: Integration