NOAA-Style Climate Reports


Report for 2020 May
                   Monthly Climatological Summary for May 2020

Name: Nightingale Weather   City: Eastleigh   State: Hampshire, UK
Elevation: 26 m  Lat: N 50 57 56   Lon: W 001 22 50

                  Temperature (°C), Rain (mm), Wind Speed (mph)

                                      Heat  Cool        Avg
    Mean                              Deg   Deg         Wind                 Dom
Day Temp  High   Time   Low    Time   Days  Days  Rain  Speed High   Time    Dir
----------------------------------------------------------------------------------
01  11.4  15.7   16:01   7.7   00:01   6.9   0.0   0.0   0.0   1.0   14:10     N
02  11.4  17.8   17:22   6.1   05:52   6.9   0.0   0.0   0.0   0.0   00:00     N
03  11.8  15.3   15:08   8.7   00:27   6.5   0.0   0.0   0.0   0.0   00:00     N
04  13.8  18.9   16:57   9.3   23:58   4.5   0.0   0.0   0.0   0.0   00:00     N
05  11.4  15.7   16:55   6.9   23:00   6.9   0.0   0.0   0.0   0.0   00:00     N
06  12.7  20.0   14:41   5.3   05:37   5.8   0.2   0.0   0.0   0.0   00:00     N
07  14.8  22.8   15:26   6.9   03:44   4.5   1.1   0.0   0.0   0.0   00:00     N
08  16.5  24.3   16:22   8.9   05:44   3.4   1.6   0.0   0.0   0.0   00:00     N
09  17.5  26.1   15:15   8.5   05:33   3.2   2.4   0.0   0.0   0.0   00:00     N
10  12.8  20.2   10:40   6.4   23:57   5.6   0.1   0.0   0.0   0.0   00:00     N
11   8.9  14.4   13:10   4.2   05:34   9.4   0.0   0.0   0.0   0.0   00:00     N
12   9.3  16.4   16:07   1.9   05:37   9.0   0.0   0.0   0.0   0.0   00:00     N
13  10.1  14.8   12:41   5.4   23:58   8.2   0.0   0.0   0.0   0.0   00:00     N
14   9.5  16.4   16:00   2.6   05:30   8.8   0.0   0.0   0.0   0.0   00:00     N
15  11.7  19.0   17:01   2.7   05:05   6.6   0.0   0.0   0.0   0.0   00:00     N
16  13.0  19.4   15:58   6.7   02:43   5.3   0.0   0.0   0.0   0.0   00:00     N
17  14.0  19.6   15:07   7.8   05:35   4.4   0.1   0.0   0.0   0.0   00:00     N
18  15.7  22.7   16:35   9.5   06:24   3.4   0.9   0.0   0.0   0.0   00:00     N
19  16.8  25.0   17:22   9.9   03:33   2.8   1.3   0.0   0.0   0.0   00:00     N
20  18.3  25.4   15:58  10.0   05:41   2.6   2.6   0.0   0.0   0.0   00:00     N
21  18.6  27.4   15:59  10.9   03:55   2.3   2.6   0.0   0.0   0.0   00:00     N
22  16.7  20.5   15:01  13.1   23:49   1.9   0.3   0.0   0.0   1.0   15:00     N
23  14.3  18.5   16:29  11.1   23:57   3.9   0.0   2.0   0.0   0.0   00:00     N
24  16.0  21.7   17:32  10.8   00:34   3.0   0.7   0.0   0.0   0.0   00:00     N
25  17.4  25.3   14:39   9.2   05:38   3.1   2.2   0.0   0.0   0.0   00:00     N
26  18.7  26.6   16:06   9.6   05:37   2.5   2.9   0.0   0.0   0.0   00:00     N
27  19.9  26.5   14:18  14.0   05:58   1.2   2.8   0.0   0.0   0.0   00:00     N
28  14.1  15.2   22:35  12.2   22:35   0.2   0.0   0.0   0.0   0.0   22:35     N
29  18.3  26.2   15:04  10.3   03:42   2.6   2.6   0.0  ----   0.0   00:00     N
----------------------------------------------------------------------------------
    14.3  27.4    21     1.9    12   135.4  24.4   2.0   0.0   1.0     1       E

Max >=  27.0  1
Max <=   0.0  0
Min <=   0.0  0
Min <= -18.0  0
Max Rain: 2.0 on day 23
Days of Rain: 1 (>= 0.2 mm)  1 (>= 2.0 mm)  0 (>= 20.0 mm)
Heat Base: 18.3  Cool Base: 18.3  Method: Integration