NOAA-Style Climate Reports


Report for 2020 February
                   Monthly Climatological Summary for Feb 2020

Name: Nightingale Weather   City: Eastleigh   State: Hampshire, UK
Elevation: 26 m  Lat: N 50 57 56   Lon: W 001 22 50

                  Temperature (°C), Rain (mm), Wind Speed (mph)

                                      Heat  Cool        Avg
    Mean                              Deg   Deg         Wind                 Dom
Day Temp  High   Time   Low    Time   Days  Days  Rain  Speed High   Time    Dir
----------------------------------------------------------------------------------
01   9.9  12.7   13:19   6.9   21:57   8.4   0.0   0.2   0.6  23.0   14:19   WSW
02  11.2  13.9   12:54   6.9   00:00   7.1   0.0   0.0   1.8  23.0   11:13   WSW
03   9.3  11.9   11:38   5.6   23:13   9.0   0.0   0.0   2.9  17.0   11:11   WSW
04   7.4  10.2   12:21   5.4   01:14  10.9   0.0   0.2   0.2  26.0   09:52   WNW
05   7.0  10.6   13:05   2.4   23:51  11.3   0.0   0.0   0.0   0.0   00:00     N
06   4.7  10.7   13:22   0.1   07:40  13.6   0.0   0.0   0.0  12.0   13:01   SSE
07   6.4  11.1   23:50   1.0   04:49  11.9   0.0   0.0   0.2  13.0   13:25    SE
08   9.5  11.7   13:08   7.3   08:26   8.8   0.0   0.0   0.5  19.0   23:50   SSW
09  10.6  12.7   15:35   9.2   00:46   7.7   0.0   0.0   0.7  29.0   06:41   SSW
10   7.2  10.2   12:24   4.8   23:54  11.1   0.0   0.0   0.3  44.0   02:28   WSW
11   5.3   8.1   13:31   3.7   09:25  13.0   0.0   0.0   0.1  22.0   07:46     W
12   6.2   9.8   13:56   3.3   03:03  12.1   0.0   0.0   0.0  13.0   12:32     W
13   7.9  10.8   14:44   5.6   06:34  10.4   0.0   0.0   0.0  25.0   03:37   SSE
14   8.1  11.5   12:58   2.0   07:38  10.2   0.0   0.0   0.0  21.0   12:14    SW
15  11.5  12.2   11:13  10.8   00:00   6.8   0.0   0.0   0.1  26.0   16:23     S
16   9.3  12.6   07:12   5.5   20:40   9.0   0.0   0.0   0.0  20.0   07:02   WSW
17   8.0  11.2   12:38   5.1   07:34  10.3   0.0   0.0   0.0  11.0   03:10     W
18   7.2  10.6   11:36   5.1   06:47  11.1   0.0   0.0   0.0  15.0   11:56    SW
19   7.4  10.2   16:44   3.8   06:27  10.9   0.0   0.0   0.0   3.0   01:40     N
20   8.0  10.3   12:44   4.0   23:00  10.3   0.0   0.0   0.0  15.0   16:08     N
21   8.4  10.9   11:20   4.1   00:00   9.9   0.0   0.0   0.0  20.0   23:32    SW
22  11.1  13.8   12:56   9.8   19:08   7.2   0.0   0.0   0.1  20.0   00:33    SW
23  11.3  14.5   12:11   8.3   23:56   7.0   0.0   0.0   0.1  20.0   02:38   WSW
24  10.0  11.4   16:33   7.6   02:04   8.3   0.0   0.0   0.1  18.0   08:08    SW
----------------------------------------------------------------------------------
     8.5  14.5    23     0.1     6   236.3   0.0   0.4   0.3  44.0    10     WSW

Max >=  27.0  0
Max <=   0.0  0
Min <=   0.0  0
Min <= -18.0  0
Max Rain: 0.2 on day 1
Days of Rain: 2 (>= 0.2 mm)  0 (>= 2.0 mm)  0 (>= 20.0 mm)
Heat Base: 18.3  Cool Base: 18.3  Method: Integration