NOAA-Style Climate Reports


Report for 2018 November
                   Monthly Climatological Summary for Nov 2018

Name: Nightingale Weather   City: Eastleigh   State: Hampshire, UK
Elevation: 26 m  Lat: N 50 57 56   Lon: W 001 22 50

                  Temperature (°C), Rain (mm), Wind Speed (mph)

                                      Heat  Cool        Avg
    Mean                              Deg   Deg         Wind                 Dom
Day Temp  High   Time   Low    Time   Days  Days  Rain  Speed High   Time    Dir
----------------------------------------------------------------------------------
01   9.0  11.9   14:25   3.7   23:59   9.3   0.0   0.6   2.2  15.0   10:26   WNW
02   5.3  12.3   12:41  -0.2   06:16  13.0   0.0   0.2   1.2   9.0   14:12   WNW
03   9.6  14.2   10:32   2.7   03:18   8.7   0.0   0.0   4.3  24.0   14:12   SSE
04  10.9  12.4   13:55   9.2   18:29   7.4   0.0   2.4   3.8  18.0   04:11    SE
05  12.3  17.4   14:03   9.7   01:31   6.0   0.0   0.0   1.9  14.0   10:49   ESE
06  12.4  15.9   13:22   9.2   03:19   5.9   0.0   2.4   3.7  24.0   20:50    SE
07  11.7  14.1   10:29   7.2   23:57   6.6   0.0   6.6   6.2  30.0   11:03     S
08  10.6  14.4   11:28   5.0   02:41   7.7   0.0   0.2   5.2  33.0   10:08   SSE
09  11.9  14.2   12:33  10.3   18:39   6.4   0.0  16.0   7.4  34.0   18:14   SSE
10  10.5  13.5   10:44   8.7   23:56   7.8   0.0  13.2   1.9  28.0   13:19     S
11  10.4  14.7   12:16   7.3   02:49   7.9   0.0   6.8   2.7  22.0   06:15   SSW
12  11.6  14.9   12:24   8.8   03:28   6.7   0.0   1.8   3.2  19.0   12:02   SSW
13  11.5  15.1   12:41   8.6   04:19   6.8   0.0   0.2   3.0  17.0   10:58    SW
----------------------------------------------------------------------------------
    10.6  17.4     5    -0.2     2   100.2   0.0  50.4   3.6  34.0     9       S

Max >=  27.0  0
Max <=   0.0  0
Min <=   0.0  1
Min <= -18.0  0
Max Rain: 16.0 on day 9
Days of Rain: 11 (>= 0.2 mm)  6 (>= 2.0 mm)  0 (>= 20.0 mm)
Heat Base: 18.3  Cool Base: 18.3  Method: Integration