NOAA-Style Climate Reports


Report for 2020 September
                   Monthly Climatological Summary for Sep 2020

Name: Nightingale Weather   City: Eastleigh   State: Hampshire, UK
Elevation: 26 m  Lat: N 50 57 56   Lon: W 001 22 50

                  Temperature (°C), Rain (mm), Wind Speed (mph)

                                      Heat  Cool        Avg
    Mean                              Deg   Deg         Wind                 Dom
Day Temp  High   Time   Low    Time   Days  Days  Rain  Speed High   Time    Dir
----------------------------------------------------------------------------------
01  14.6  21.5   12:37   7.5   06:33   4.3   0.6   0.0   0.0   0.0   00:00     N
02  14.6  21.1   11:50   8.3   06:57   4.0   0.2   0.0   0.0   0.0   00:00     N
03  17.9  21.7   13:56  14.1   23:59   0.9   0.5   0.0   0.0   0.0   00:00     N
04  15.5  19.6   13:27  12.2   06:10   2.9   0.1   0.0   0.0   0.0   00:00     N
05  14.5  19.6   15:21  10.1   06:23   3.9   0.0   0.0   0.0   0.0   00:00     N
06  14.9  20.2   14:24  10.0   06:36   3.6   0.2   0.0   0.0   0.0   00:00     N
07  15.6  21.6   13:40   9.9   05:09   3.2   0.5   0.0   0.0   0.0   00:00     N
08  19.3  23.9   15:05  15.9   04:45   0.8   1.8   0.0   0.0   0.0   00:00     N
09  17.8  23.2   15:24  13.5   06:04   1.7   1.2   0.0   0.0   0.0   00:00     N
10  15.6  20.8   13:36  11.4   06:58   3.1   0.4   0.0   0.0   0.0   00:00     N
11  14.4  19.6   14:42   9.2   05:58   4.0   0.1   0.0   0.0   0.0   00:00     N
12  16.5  21.9   14:58  11.9   03:46   2.4   0.6   0.0   0.0   0.0   00:00     N
13  16.9  23.3   15:43  10.4   06:58   2.7   1.3   0.0   0.0   0.0   00:00     N
14  19.0  29.3   15:40  10.2   06:33   2.6   3.3   0.0   0.0   0.0   00:00     N
15  20.7  27.3   14:09  15.2   06:16   0.8   3.2   0.0   0.0   0.0   00:00     N
16  21.1  27.4   15:42  16.8   06:57   0.3   3.1   0.0   0.0   0.0   00:00     N
17  17.4  23.1   15:24  12.7   23:50   2.0   1.1   0.0   0.0   0.0   00:00     N
18  16.1  22.8   14:06  10.8   06:32   3.0   0.8   0.0   0.0   0.0   00:00     N
19  18.1  24.7   16:18  13.3   03:34   1.8   1.6   0.0   0.0   0.0   00:00     N
20  18.8  25.4   15:21  14.2   06:21   1.4   1.9   0.0   0.0   0.0   00:00     N
21  18.3  27.0   16:15  13.3   06:24   2.0   2.0   0.0   0.0   0.0   00:00     N
22  16.3  22.4   13:57  10.9   07:03   2.7   0.6   0.0   0.0   0.0   00:00     N
----------------------------------------------------------------------------------
    17.0  29.3    14     7.5     1    54.1  25.1   0.0   0.0   0.0     0       E

Max >=  27.0  4
Max <=   0.0  0
Min <=   0.0  0
Min <= -18.0  0
Max Rain: 0.0 on day 0
Days of Rain: 0 (>= 0.2 mm)  0 (>= 2.0 mm)  0 (>= 20.0 mm)
Heat Base: 18.3  Cool Base: 18.3  Method: Integration