NOAA-Style Climate Reports


Report for 2019 January
                   Monthly Climatological Summary for Jan 2019

Name: Nightingale Weather   City: Eastleigh   State: Hampshire, UK
Elevation: 26 m  Lat: N 50 57 56   Lon: W 001 22 50

                  Temperature (°C), Rain (mm), Wind Speed (mph)

                                      Heat  Cool        Avg
    Mean                              Deg   Deg         Wind                 Dom
Day Temp  High   Time   Low    Time   Days  Days  Rain  Speed High   Time    Dir
----------------------------------------------------------------------------------
01   9.0  12.2   13:06   5.1   22:22   9.3   0.0   0.6   2.1  16.0   19:13    NW
02   4.4   6.4   12:49   1.3   05:48  13.9   0.0   0.6   0.4   7.0   13:31   NNE
03   3.5   5.0   12:10   0.3   23:07  14.8   0.0   0.4   0.3   7.0   15:39    NE
04   1.2   4.8   12:51  -1.3   07:44  17.1   0.0   7.4   1.3   9.0   10:57   WNW
05   3.2   5.2   14:50   0.3   00:00  15.1   0.0   1.4   2.2  13.0   14:43   WNW
06   7.3   9.3   16:00   4.7   00:20  11.0   0.0   0.0   1.9  11.0   12:03   WNW
07   9.8  11.1   13:33   8.4   01:56   8.5   0.0   0.0   3.6  19.0   17:46     W
08   7.4   9.7   12:45   4.0   23:55  10.9   0.0   0.0   3.8  21.0   13:22    NW
09   3.8   7.0   13:24   1.7   23:55  14.5   0.0   0.0   2.1  15.0   12:41   NNW
10   3.4   7.0   23:55   0.0   05:27  14.9   0.0   0.0   1.3  12.0   16:09    NW
11   7.8  10.0   13:41   6.4   07:42  10.5   0.0   0.0   1.6  12.0   13:16    NW
12   9.3  10.9   14:54   7.6   01:22   9.0   0.0   0.0   4.4  19.0   20:00     W
13  10.7  12.7   13:07   7.7   23:58   7.6   0.0   0.0   7.6  31.0   09:27   WNW
14   7.8  10.3   13:25   5.6   23:56  10.5   0.0   0.0   3.5  16.0   12:54   WNW
15   7.8  10.3   13:01   2.6   03:09  10.5   0.0   0.2   2.2  15.0   13:10    SW
16   7.7   9.9   13:46   4.4   22:32  10.6   0.0   5.8   2.9  22.0   09:11    SW
17   3.5   5.8   14:52   0.1   23:57  14.8   0.0   1.6   3.2  21.0   09:12    NW
18   3.0   6.9   10:56  -1.3   05:16  15.3   0.0   0.8   3.8  22.0   11:08   SSE
19   5.8   7.2   13:41   4.6   23:52  12.5   0.0   2.4   3.2  17.0   03:32   ESE
20   3.6   5.7   13:34   1.7   09:28  14.7   0.0   0.0   0.8  10.0   11:00   NNE
21   4.1   8.1   23:11   0.2   07:21  14.2   0.0   0.6   1.4  18.0   23:27     S
22   3.4   7.7   00:00  -0.3   23:53  14.9   0.0   6.4   1.4  24.0   01:03   WSW
23   1.7   4.9   13:17  -0.4   23:57  16.6   0.0   0.2   2.0  16.0   09:30   NNW
----------------------------------------------------------------------------------
     5.6  12.7    13    -1.3     4   291.7   0.0  28.4   2.5  31.0    13       W

Max >=  27.0  0
Max <=   0.0  0
Min <=   0.0  5
Min <= -18.0  0
Max Rain: 7.4 on day 4
Days of Rain: 13 (>= 0.2 mm)  4 (>= 2.0 mm)  0 (>= 20.0 mm)
Heat Base: 18.3  Cool Base: 18.3  Method: Integration