NOAA-Style Climate Reports


Report for 2019 May
                   Monthly Climatological Summary for May 2019

Name: Nightingale Weather   City: Eastleigh   State: Hampshire, UK
Elevation: 26 m  Lat: N 50 57 56   Lon: W 001 22 50

                  Temperature (°C), Rain (mm), Wind Speed (mph)

                                      Heat  Cool        Avg
    Mean                              Deg   Deg         Wind                 Dom
Day Temp  High   Time   Low    Time   Days  Days  Rain  Speed High   Time    Dir
----------------------------------------------------------------------------------
01  12.4  17.3   13:40   7.8   05:37   5.9   0.0   0.0   0.0   4.0   10:14   ESE
02  11.3  15.5   16:51   6.9   05:53   7.0   0.0   0.0   0.0  12.0   11:51     N
03  10.2  15.1   13:46   5.3   05:24   8.1   0.0   0.0   0.0   6.0   03:29     N
04   8.7  13.7   16:30   4.6   06:04   9.6   0.0   0.0   0.0  13.0   13:22   NNW
05   8.7  13.6   12:08   2.1   05:56   9.6   0.0   0.0   0.0   4.0   12:49   WNW
06   9.7  14.7   16:52   3.8   06:02   8.6   0.0   0.0   0.0   7.0   19:09     N
07  10.8  16.6   14:41   6.0   05:00   7.5   0.0   0.0   0.0  11.0   11:36   ESE
08  11.7  15.7   14:19   9.0   03:03   6.6   0.0   0.0   0.1  21.0   07:12   ESE
09  10.8  14.4   18:48   6.9   05:13   7.5   0.0   0.0   0.0  11.0   15:05     N
10  10.7  16.9   14:22   3.5   05:23   7.6   0.0   0.0   0.0   8.0   14:30     S
11  12.2  18.3   17:17   7.1   05:44   6.1   0.0   0.0   0.0   9.0   14:03     N
12  12.3  18.4   16:25   6.2   06:01   6.0   0.0   0.0   0.0   7.0   16:48     N
13  12.3  19.6   15:53   4.7   06:01   6.1   0.0   0.0   0.0   8.0   11:35     N
14  13.3  20.5   15:25   5.8   02:56   5.3   0.3   0.0   0.0  10.0   16:59     E
15  13.7  20.4   12:43   6.1   03:41   4.9   0.3   0.0   0.0   9.0   10:09   ENE
16  13.4  19.7   13:36   6.9   03:25   5.0   0.1   0.0   0.0  11.0   10:36     N
17  11.4  14.4   15:12   7.8   03:41   6.9   0.0   0.0   0.0   8.0   04:44    NW
18  13.2  17.1   14:29  10.1   05:25   5.1   0.0   0.0   0.0   6.0   13:30     N
19  13.8  19.4   12:32   8.1   03:39   4.6   0.1   0.0   0.0   8.0   17:34    NW
20  15.5  19.0   17:11  12.3   05:45   2.9   0.1   0.0   0.0   0.0   00:00     N
21  15.7  21.8   16:00   8.8   05:45   3.3   0.7   0.0   0.0   4.0   13:01     N
----------------------------------------------------------------------------------
    12.0  21.8    21     2.1     5   134.2   1.6   0.0   0.0  21.0     8       E

Max >=  27.0  0
Max <=   0.0  0
Min <=   0.0  0
Min <= -18.0  0
Max Rain: 0.0 on day 0
Days of Rain: 0 (>= 0.2 mm)  0 (>= 2.0 mm)  0 (>= 20.0 mm)
Heat Base: 18.3  Cool Base: 18.3  Method: Integration