NOAA-Style Climate Reports


Report for 2020 January
                   Monthly Climatological Summary for Jan 2020

Name: Nightingale Weather   City: Eastleigh   State: Hampshire, UK
Elevation: 26 m  Lat: N 50 57 56   Lon: W 001 22 50

                  Temperature (°C), Rain (mm), Wind Speed (mph)

                                      Heat  Cool        Avg
    Mean                              Deg   Deg         Wind                 Dom
Day Temp  High   Time   Low    Time   Days  Days  Rain  Speed High   Time    Dir
----------------------------------------------------------------------------------
01   7.4   8.8   13:14   6.3   00:21  10.9   0.0   0.0   0.5   7.0   10:45    SE
02   9.2  10.9   23:43   7.6   02:55   9.1   0.0   0.0   3.1  20.0   21:24     S
03   8.7  11.1   00:39   4.9   23:19   9.6   0.0   0.0   2.8  20.0   09:17   WSW
04   6.9   8.9   13:34   3.7   02:23  11.4   0.0   0.0   0.2   9.0   07:49    SW
05   8.1   9.4   13:56   6.7   02:12  10.2   0.0   0.0   0.0   0.0   00:00     N
06   8.2  10.1   17:13   6.6   23:47  10.1   0.0   0.0   2.3  21.0   11:57     S
07   9.8  12.2   18:16   4.8   01:46   8.5   0.0   0.0   2.9  20.0   11:54   SSW
08  11.2  11.9   11:47   9.7   20:45   7.1   0.0   0.0   1.8  17.0   00:20   SSW
09  10.5  13.3   12:08   6.5   23:21   7.8   0.0   0.0   2.9  28.0   02:05   SSW
10   6.7   9.1   12:49   5.3   19:52  11.6   0.0   0.0   2.6  17.0   01:36   WNW
11  10.1  10.8   15:21   7.9   00:00   8.2   0.0   0.2   6.3  31.0   19:50   SSW
12   9.5  12.1   12:48   6.3   22:57   8.8   0.0   0.0   4.1  25.0   05:21    SW
13   8.8  11.3   20:11   6.3   00:00   9.5   0.0   0.0   5.8  39.0   19:28     S
14  10.6  12.8   14:39   7.4   07:06   7.7   0.0   0.0   7.9  40.0   16:06     S
15   8.6  11.8   01:45   6.3   09:13   9.7   0.0   0.0   2.9  33.0   00:56   SSW
16  10.3  12.9   16:55   8.3   06:03   8.0   0.0   0.0   5.7  28.0   20:02   SSE
17   7.5  11.0   00:00   3.6   23:24  10.8   0.0   0.0   2.8  27.0   10:20   WSW
18   3.7   9.1   13:29  -0.4   08:14  14.6   0.0   0.0   0.2   9.0   14:43    NW
----------------------------------------------------------------------------------
     8.7  13.3     9    -0.4    18   173.6   0.0   0.2   3.0  40.0    14     SSW

Max >=  27.0  0
Max <=   0.0  0
Min <=   0.0  1
Min <= -18.0  0
Max Rain: 0.2 on day 11
Days of Rain: 1 (>= 0.2 mm)  0 (>= 2.0 mm)  0 (>= 20.0 mm)
Heat Base: 18.3  Cool Base: 18.3  Method: Integration