NOAA-Style Climate Reports


Report for 2018 April
                   Monthly Climatological Summary for Apr 2018

Name: Nightingale Weather   City: Eastleigh   State: Hampshire, UK
Elevation: 26 m  Lat: N 50 57 56   Lon: W 001 22 50

                  Temperature (°C), Rain (mm), Wind Speed (mph)

                                      Heat  Cool        Avg
    Mean                              Deg   Deg         Wind                 Dom
Day Temp  High   Time   Low    Time   Days  Days  Rain  Speed High   Time    Dir
----------------------------------------------------------------------------------
01   6.0   9.0   15:23   3.8   06:52  12.3   0.0   2.8   3.4  16.0   23:53    SE
02   9.2  12.1   17:43   5.4   00:00   9.1   0.0   5.8   4.6  19.0   00:58   SSE
03  10.7  12.6   14:53   8.9   21:36   7.6   0.0   4.6   6.1  21.0   12:46     S
04   9.4  10.9   15:56   6.4   23:57   8.9   0.0   2.4   7.6  29.0   11:12     S
05   7.3  11.9   14:17   4.9   06:15  11.0   0.0   2.0   4.7  20.0   00:13   SSW
06   9.9  14.5   17:03   5.3   00:03   8.4   0.0   0.0   5.8  26.0   09:38    SE
07  10.8  15.0   13:08   6.5   02:07   7.5   0.0   0.0   2.9  21.0   12:48   SSE
08  10.2  12.8   16:14   8.2   06:44   8.1   0.0   1.2   0.2   8.0   20:28   NNE
09  10.0  11.2   15:48   9.2   08:04   8.3   0.0   2.2   2.4  14.0   16:57   ESE
10  11.6  13.9   17:26  10.2   05:03   6.7   0.0   3.2   2.6  15.0   02:34     E
11  11.0  12.8   13:58   8.5   23:55   7.3   0.0   3.8   1.7  11.0   16:04   NNE
12   9.1  11.3   16:19   7.4   02:13   9.2   0.0   1.6   2.0  11.0   15:18     N
13   9.6  11.9   12:35   7.5   02:43   8.7   0.0   1.2   1.9  11.0   13:28    SW
14  11.0  16.6   16:29   6.9   08:23   7.3   0.0   0.8   2.7  14.0   16:11    SE
15  10.9  13.4   12:38   9.5   01:45   7.4   0.0   0.8   4.1  16.0   12:04   SSE
16  11.5  15.4   15:10   8.2   06:28   6.8   0.0   0.8   4.6  24.0   15:31     S
17  13.0  16.4   14:11  10.4   04:05   5.3   0.0   0.4   7.0  29.0   10:26     S
18  17.3  22.0   16:29  11.9   06:39   2.0   1.0   0.0   5.1  20.0   14:52    SE
19  18.9  26.8   15:52  11.3   06:23   2.0   2.6   0.0   2.1  13.0   14:58   SSE
20  18.1  25.7   15:55  10.8   05:57   2.4   2.2   0.0   1.8  11.0   08:07   WNW
----------------------------------------------------------------------------------
    11.3  26.8    19     3.8     1   146.3   5.8  33.6   3.7  29.0     4     SSE

Max >=  27.0  0
Max <=   0.0  0
Min <=   0.0  0
Min <= -18.0  0
Max Rain: 5.8 on day 2
Days of Rain: 15 (>= 0.2 mm)  8 (>= 2.0 mm)  0 (>= 20.0 mm)
Heat Base: 18.3  Cool Base: 18.3  Method: Integration