NOAA-Style Climate Reports


Report for 2021 May
                   Monthly Climatological Summary for May 2021

Name: Nightingale Weather   City: Eastleigh   State: Hampshire, UK
Elevation: 26 m  Lat: N 50 57 56   Lon: W 001 22 50

                  Temperature (°C), Rain (mm), Wind Speed (mph)

                                      Heat  Cool        Avg
    Mean                              Deg   Deg         Wind                 Dom
Day Temp  High   Time   Low    Time   Days  Days  Rain  Speed High   Time    Dir
----------------------------------------------------------------------------------
01   7.1  13.3   11:53   1.1   05:19  11.2   0.0   0.2   0.0   0.0   00:00     N
02   7.9  13.9   14:08   1.6   06:07  10.4   0.0   0.6   0.0   0.0   00:00     N
03   8.7  13.2   11:38   3.2   04:25   9.6   0.0   9.2   0.0   1.0   17:50     N
04   9.9  14.2   14:44   6.0   23:57   8.4   0.0   1.2   0.0   1.0   05:24     N
05   8.0  13.2   13:39   3.7   05:28  10.3   0.0   0.2   0.0   0.0   00:00     N
06   7.8  14.0   17:15   1.4   05:23  10.5   0.0   0.2   0.0   0.0   00:00     N
07   9.1  15.3   15:12   1.3   05:21   9.2   0.0   0.0   0.0   0.0   00:00     N
08  12.5  15.3   17:15   8.1   01:39   5.8   0.0  14.2   0.0   0.0   00:00     N
09  14.3  17.7   16:01  10.8   23:51   4.0   0.0   1.2   0.0   0.0   00:00     N
10  12.4  15.4   14:54   9.7   23:56   5.9   0.0   0.0   0.0   1.0   12:59     N
11  11.5  15.8   10:50   7.5   05:05   6.8   0.0   1.4   0.0   0.0   00:00     N
12  12.3  16.6   15:33   9.0   06:17   6.0   0.0   0.4   0.0   0.0   00:00     N
13  11.4  13.5   14:34   9.2   22:57   6.9   0.0   0.2   0.0   0.0   00:00     N
14  11.1  14.1   13:48   9.3   01:54   7.2   0.0   0.0   0.0   0.0   00:00     N
15  10.9  14.9   13:33   9.0   07:15   7.4   0.0   7.6   0.0   0.0   00:00     N
16  10.5  13.3   15:22   8.3   05:59   7.8   0.0  15.8   0.0   0.0   00:00     N
17  12.2  17.2   14:43   9.2   06:12   6.1   0.0   7.2   0.0   0.0   00:00     N
18  11.3  15.7   13:18   5.8   05:21   7.0   0.0   2.2   0.0   0.0   00:00     N
19  11.8  16.8   12:25   8.6   23:59   6.5   0.0   6.0   0.0   0.0   00:00     N
20  10.7  13.9   16:49   5.9   03:50   7.6   0.0   0.8   0.0   1.0   20:29     N
21  11.6  12.9   10:57  10.3   23:55   6.7   0.0   2.0   0.0   0.0   00:00     N
22  11.4  15.0   16:48   7.9   23:57   6.9   0.0   1.4   0.0   0.0   00:00     N
23   9.7  13.3   12:11   4.4   05:10   8.6   0.0   7.6   0.0   1.0   20:34     N
24   9.5  13.8   17:00   6.9   03:40   8.8   0.0   9.8   0.0   0.0   00:00     N
25  10.6  15.9   13:41   6.9   02:51   7.7   0.0   3.4   0.0   0.0   00:00     N
26  12.2  18.3   17:06   6.2   05:35   6.1   0.0   2.2   0.0   0.0   00:00     N
27  15.2  20.7   16:03   8.2   05:48   3.6   0.5   1.2   0.0   0.0   00:00     N
28  14.9  19.9   14:51   9.6   03:07   3.5   0.1   0.0   0.0   0.0   00:00     N
29  17.1  22.7   14:37  11.9   23:59   2.2   1.0   0.0   0.0   0.0   00:00     N
30  15.3  21.3   15:32   8.2   05:29   3.7   0.7   0.0   0.0   0.0   00:00     N
----------------------------------------------------------------------------------
    11.3  22.7    29     1.1     1   212.4   2.3  96.2   0.0   1.0     3       E

Max >=  27.0  0
Max <=   0.0  0
Min <=   0.0  0
Min <= -18.0  0
Max Rain: 15.8 on day 16
Days of Rain: 24 (>= 0.2 mm)  12 (>= 2.0 mm)  0 (>= 20.0 mm)
Heat Base: 18.3  Cool Base: 18.3  Method: Integration