NOAA-Style Climate Reports


Report for 2017 November
                   Monthly Climatological Summary for Nov 2017

Name: Nightingale Weather   City: Eastleigh   State: Hampshire, UK
Elevation: 26 m  Lat: N 50 57 56   Lon: W 001 22 50

                  Temperature (°C), Rain (mm), Wind Speed (mph)

                                      Heat  Cool        Avg
    Mean                              Deg   Deg         Wind                 Dom
Day Temp  High   Time   Low    Time   Days  Days  Rain  Speed High   Time    Dir
----------------------------------------------------------------------------------
01  10.3  16.2   14:08   5.6   23:49   8.0   0.0   0.0   0.9  13.0   14:34   SSE
02   8.0  15.4   14:40   4.1   02:32  10.3   0.0   0.0   0.6   7.0   05:19    NW
03   9.0  15.7   14:03   3.4   06:15   9.3   0.0   1.0   0.3   7.0   12:27   SSE
04  11.0  13.3   06:44   6.3   22:06   7.3   0.0   6.6   2.8  18.0   10:43     W
05   6.8  10.9   13:34   3.7   06:59  11.5   0.0   0.0   3.6  20.0   12:08   WNW
06   6.5  13.1   13:19   0.1   07:04  11.8   0.0   0.2   0.8  12.0   13:21    SW
07  10.5  12.3   09:38   6.1   23:57   7.8   0.0   7.4   4.2  17.0   11:53     S
08   5.9  10.8   13:52   1.9   23:05  12.4   0.0   0.2   2.8  16.0   11:08    NW
09   8.6  14.6   14:26   1.6   01:17   9.7   0.0   0.0   1.8  11.0   21:16   WNW
10  10.3  13.2   09:59   7.8   20:19   8.0   0.0   0.6   4.3  22.0   10:04     W
11  11.1  14.4   12:14   8.0   23:56   7.2   0.0   6.6   2.7  17.0   05:35     W
12   6.8   9.1   11:24   3.7   22:23  11.5   0.0   2.2   4.8  28.0   13:49    NW
13   4.3   6.4   13:31   1.2   06:47  14.0   0.0   0.0   2.5  12.0   00:00    NW
14   9.8  12.2   14:57   5.9   01:21   8.5   0.0   0.2   1.9  13.0   10:34   WSW
15  11.3  13.3   14:16   9.9   23:19   7.0   0.0   0.6   0.5   8.0   00:42     W
16  10.9  15.0   12:58   6.3   23:51   7.4   0.0   0.6   1.3  12.0   17:56     W
17   5.7  10.8   13:48   2.6   22:52  12.6   0.0   0.2   0.8   7.0   12:36    NW
18   7.7  11.4   18:12   2.6   00:18  10.6   0.0   1.2   1.9  16.0   13:37   WSW
19   5.8   9.7   14:04   3.4   20:58  12.5   0.0   0.4   1.4   9.0   07:17   WNW
20  11.4  13.6   12:12   5.0   00:00   6.9   0.0   0.2   3.9  20.0   11:22   WSW
21  13.2  14.3   23:12  11.3   07:55   5.1   0.0   0.0   3.9  21.0   18:53    SW
22  14.2  15.4   23:12  13.6   15:55   4.1   0.0   0.4   8.9  33.0   21:04     S
----------------------------------------------------------------------------------
     9.1  16.2     1     0.1     6   203.5   0.0  28.6   2.6  33.0    22     WSW

Max >=  27.0  0
Max <=   0.0  0
Min <=   0.0  0
Min <= -18.0  0
Max Rain: 7.4 on day 7
Days of Rain: 16 (>= 0.2 mm)  4 (>= 2.0 mm)  0 (>= 20.0 mm)
Heat Base: 18.3  Cool Base: 18.3  Method: Integration