NOAA-Style Climate Reports


Report for 2021 February
                   Monthly Climatological Summary for Feb 2021

Name: Nightingale Weather   City: Eastleigh   State: Hampshire, UK
Elevation: 26 m  Lat: N 50 57 56   Lon: W 001 22 50

                  Temperature (°C), Rain (mm), Wind Speed (mph)

                                      Heat  Cool        Avg
    Mean                              Deg   Deg         Wind                 Dom
Day Temp  High   Time   Low    Time   Days  Days  Rain  Speed High   Time    Dir
----------------------------------------------------------------------------------
08   0.0   7.3   00:01  -0.9   22:26 421.8   0.0   0.2   0.0   0.0   00:00     N
09  -0.2   1.7   14:05  -1.1   20:50  18.5   0.0   0.0   0.0   0.0   00:00     N
10   0.1   4.7   12:36  -2.8   23:32  18.2   0.0  39.2   0.0   0.0   00:00     N
11  -0.8   1.4   13:58  -3.2   04:39  19.1   0.0   0.0   0.0   0.0   00:00     N
12  -0.1   3.3   12:12  -2.6   22:59  18.4   0.0   0.2   0.0   0.0   00:00     N
13   0.1   2.9   23:47  -2.6   00:00  18.2   0.0   0.0   0.0   1.0   11:55     N
14   4.1   6.0   23:55   2.9   00:00  14.2   0.0   1.4   0.0   0.0   00:00     N
15   9.6  12.4   13:00   6.0   00:00   8.7   0.0   1.6   0.0   0.0   00:00     N
16   9.6  10.8   15:22   8.2   19:07   8.7   0.0   0.8   0.0   0.0   00:00     N
17  10.1  10.8   16:19   9.3   00:00   8.2   0.0   0.4   0.0   0.0   00:00     N
18   8.5  10.4   04:32   5.5   22:49   9.8   0.0   0.4   0.0   0.0   00:00     N
19   9.4  12.4   22:48   6.3   00:00   8.9   0.0   0.4   0.0   0.0   00:00     N
20  12.4  14.4   18:44  11.1   07:19   5.9   0.0   0.2   0.0   0.0   00:00     N
21  10.6  12.6   00:00   8.7   20:32   7.7   0.0   0.2   0.0   0.0   00:00     N
22   8.6  10.4   14:50   5.2   23:59   9.7   0.0   0.2   0.0   0.0   00:00     N
23   9.5  13.3   12:01   3.0   02:03   8.8   0.0   0.2   0.0   0.0   00:00     N
24  12.9  14.2   14:51  11.8   07:46   5.4   0.0   0.2   0.0   0.0   00:00     N
25   9.6  12.2   00:00   3.8   23:58   8.7   0.0   0.2   0.0   0.0   00:00     N
26   6.5  13.4   15:11   0.6   05:57  11.8   0.0   0.0   0.0   0.0   00:00     N
----------------------------------------------------------------------------------
     6.3  14.4    20    -3.2    11   630.7   0.0  45.8   0.0   1.0    13       E

Max >=  27.0  0
Max <=   0.0  0
Min <=   0.0  6
Min <= -18.0  0
Max Rain: 39.2 on day 10
Days of Rain: 15 (>= 0.2 mm)  1 (>= 2.0 mm)  1 (>= 20.0 mm)
Heat Base: 18.3  Cool Base: 18.3  Method: Integration