NOAA-Style Climate Reports


Report for 2019 July
                   Monthly Climatological Summary for Jul 2019

Name: Nightingale Weather   City: Eastleigh   State: Hampshire, UK
Elevation: 26 m  Lat: N 50 57 56   Lon: W 001 22 50

                  Temperature (°C), Rain (mm), Wind Speed (mph)

                                      Heat  Cool        Avg
    Mean                              Deg   Deg         Wind                 Dom
Day Temp  High   Time   Low    Time   Days  Days  Rain  Speed High   Time    Dir
----------------------------------------------------------------------------------
01  17.3  22.9   17:02  12.2   05:08   1.9   0.9   0.0   0.0  11.0   14:50   WNW
02  17.6  23.7   17:16  11.9   05:30   2.0   1.3   0.0   0.0   8.0   12:47     N
03  17.9  24.3   16:52  12.9   05:22   1.9   1.5   0.0   0.0   4.0   10:12   NNE
04  19.2  27.2   16:43  10.8   04:59   2.1   2.9   0.0   0.0   6.0   11:56     N
05  20.1  26.2   13:52  13.8   04:49   1.1   2.9   0.0   0.0   4.0   13:32     N
06  20.6  27.4   16:43  14.4   05:14   0.9   3.2   0.0   0.0   5.0   12:32     N
07  18.0  21.9   14:02  14.3   23:57   0.9   0.6   0.0   0.0  11.0   15:28    SE
08  18.0  24.2   16:07  11.3   04:43   2.0   1.7   0.0   0.0   7.0   08:54   ESE
09  19.4  25.2   16:09  14.2   04:51   1.0   2.1   0.0   0.0   7.0   13:48     N
10  20.0  25.6   15:07  14.8   04:18   0.9   2.5   0.0   0.0   5.0   18:19     N
11  20.2  24.7   14:51  15.8   05:37   0.6   2.6   0.0   0.0   6.0   09:38     N
12  20.8  26.3   15:34  15.7   04:08   0.4   3.0   0.0   0.0  10.0   08:05    NW
13  18.9  24.5   18:12  13.4   05:22   1.1   1.7   0.0   0.0   8.0   09:52     N
14  18.8  23.8   17:55  14.7   05:16   1.0   1.5   0.0   0.0   6.0   08:57     N
15  17.4  24.4   17:32  11.7   05:37   2.3   1.4   0.0   0.0   7.0   10:41     N
16  18.2  25.2   14:40  10.7   06:36   2.3   2.2   0.0   0.0   4.0   12:51     N
17  18.4  23.9   14:34  11.9   05:55   1.6   1.7   0.0   0.0   5.0   15:13     N
18  18.9  22.9   17:34  15.8   02:21   0.7   1.3   0.4   0.7  15.0   10:15     W
19  15.9  18.2   16:30  12.1   03:36   2.4   0.0   1.2   2.3  19.0   12:31     S
20  19.1  24.7   15:16  15.7   23:54   0.7   1.5   0.4   0.2  17.0   13:03    SW
21  17.7  22.9   14:01  11.3   05:24   1.8   1.3   0.0   0.0   9.0   15:17     N
22  20.6  25.8   14:51  16.8   04:42   0.4   2.7   0.0   0.0   8.0   04:03   SSW
----------------------------------------------------------------------------------
    18.8  27.4     6    10.7    16    30.0  40.5   2.0   0.2  19.0    19     SSW

Max >=  27.0  2
Max <=   0.0  0
Min <=   0.0  0
Min <= -18.0  0
Max Rain: 1.2 on day 19
Days of Rain: 3 (>= 0.2 mm)  0 (>= 2.0 mm)  0 (>= 20.0 mm)
Heat Base: 18.3  Cool Base: 18.3  Method: Integration