NOAA-Style Climate Reports


Report for 2018 July
                   Monthly Climatological Summary for Jul 2018

Name: Nightingale Weather   City: Eastleigh   State: Hampshire, UK
Elevation: 26 m  Lat: N 50 57 56   Lon: W 001 22 50

                  Temperature (°C), Rain (mm), Wind Speed (mph)

                                      Heat  Cool        Avg
    Mean                              Deg   Deg         Wind                 Dom
Day Temp  High   Time   Low    Time   Days  Days  Rain  Speed High   Time    Dir
----------------------------------------------------------------------------------
01  23.6  30.8   13:31  15.9   04:56   0.4   5.7   0.0   1.3  10.0   13:06    NE
02  24.2  30.5   15:43  18.2   23:57   0.0   5.9   0.0   2.8  17.0   11:22     E
03  21.7  28.1   14:47  14.6   05:25   0.7   4.0   0.0   3.3  19.0   12:37     E
04  19.6  24.9   15:44  14.7   04:23   0.9   2.2   0.0   2.0  12.0   15:49   SSE
05  21.7  28.2   15:51  15.3   04:38   0.7   4.1   0.0   2.2  13.0   14:56   WSW
06  23.6  30.6   16:03  16.7   05:36   0.2   5.5   0.0   2.7  13.0   15:37   WNW
07  23.8  31.1   16:53  16.3   05:44   0.3   5.7   0.0   2.5  17.0   16:31   WNW
08  24.5  31.7   15:34  16.6   05:13   0.2   6.4   0.0   2.0  13.0   14:38   NNW
09  23.1  29.7   13:48  15.7   05:20   0.3   5.2   0.0   1.7  15.0   15:24   SSW
10  20.0  24.8   15:47  15.3   23:55   0.6   2.3   0.0   1.7  16.0   12:22    NE
11  18.3  26.1   16:38  12.9   05:40   1.8   1.8   0.0   1.6  12.0   17:59    SE
12  18.9  25.1   11:50  12.4   05:10   1.5   2.1   0.0   1.9  12.0   16:06   SSE
13  19.8  25.7   14:46  15.9   05:26   0.6   2.1   0.0   1.8  15.0   14:09   SSE
14  20.7  27.0   14:55  13.8   05:29   1.1   3.5   0.0   2.0  16.0   14:58     S
15  21.4  28.8   15:57  13.0   05:17   1.2   4.3   0.0   2.3  15.0   15:28   WSW
16  21.5  28.5   12:02  14.7   05:57   0.7   3.9   0.0   2.8  18.0   22:56   WSW
17  17.7  22.2   11:14  12.5   06:02   1.6   1.0   0.0   2.9  17.0   13:28    SW
18  18.8  25.0   16:36  12.3   06:20   1.5   2.0   0.0   1.5  11.0   14:13    SW
----------------------------------------------------------------------------------
    21.3  31.7     8    12.3    18    14.3  67.7   0.0   2.2  19.0     3     SSW

Max >=  27.0 11
Max <=   0.0  0
Min <=   0.0  0
Min <= -18.0  0
Max Rain: 0.0 on day 0
Days of Rain: 0 (>= 0.2 mm)  0 (>= 2.0 mm)  0 (>= 20.0 mm)
Heat Base: 18.3  Cool Base: 18.3  Method: Integration