NOAA-Style Climate Reports


Report for 2019 March
                   Monthly Climatological Summary for Mar 2019

Name: Nightingale Weather   City: Eastleigh   State: Hampshire, UK
Elevation: 26 m  Lat: N 50 57 56   Lon: W 001 22 50

                  Temperature (°C), Rain (mm), Wind Speed (mph)

                                      Heat  Cool        Avg
    Mean                              Deg   Deg         Wind                 Dom
Day Temp  High   Time   Low    Time   Days  Days  Rain  Speed High   Time    Dir
----------------------------------------------------------------------------------
01   9.5  12.2   13:35   7.5   06:37   8.8   0.0   0.8   2.8  12.0   00:33     W
02  10.5  13.6   12:15   8.3   01:19   7.8   0.0   0.6   4.6  27.0   21:44    SW
03  10.3  11.4   13:38   8.6   23:58   8.0   0.0   0.6   6.5  33.0   18:06   SSW
04   6.3  10.6   11:54   3.9   06:38  12.0   0.0   0.4   4.2  26.0   14:32   WSW
05   7.5  11.4   13:16   3.0   06:20  10.8   0.0   0.6   3.9  22.0   21:37     S
06  10.0  12.2   11:09   7.1   23:40   8.3   0.0   0.8   7.1  30.0   12:46     S
07   8.2  12.7   14:09   5.7   02:21  10.1   0.0   0.6   7.0  33.0   09:05   WSW
08   7.9  10.3   11:53   4.2   06:38  10.4   0.0   0.4   4.2  23.0   18:18    SW
09   9.5  13.8   12:08   6.3   05:33   8.8   0.0   0.6   5.7  33.0   12:55     W
10   8.1  10.8   12:59   3.1   21:05  10.2   0.0   0.6   9.6  42.0   11:14     W
11   7.7  11.3   14:34   3.3   00:20  10.6   0.0   0.4   5.9  28.0   09:53     W
12   7.1   9.4   11:47   4.1   14:45  11.2   0.0   0.4   7.5  33.0   09:50   SSW
13   8.9  11.4   13:20   6.1   00:00   9.4   0.0   0.4   7.7  33.0   12:49     W
14  10.8  14.1   12:57   8.0   03:12   7.5   0.0   0.4   1.5  32.0   12:01   WSW
15  12.5  14.3   14:16  10.9   00:20   5.8   0.0   0.4   0.2  43.0   12:54   WSW
16  10.2  11.8   10:50   6.7   23:53   8.1   0.0   0.4   0.5  34.0   14:48    SW
17   6.9  10.8   12:54   3.8   05:50  11.4   0.0   0.4   0.1  27.0   15:08     W
18   7.8  11.9   11:54   4.1   04:12  10.5   0.0   0.2   0.0   7.0   12:32     N
19   9.1  13.2   12:28   5.6   06:20   9.2   0.0   0.2   0.0   4.0   17:05     N
20  10.2  12.7   15:35   7.9   04:56   8.1   0.0   0.4   0.0   5.0   17:45     N
----------------------------------------------------------------------------------
     9.0  14.3    15     3.0     5   187.0   0.0   9.6   3.9  43.0    15      SW

Max >=  27.0  0
Max <=   0.0  0
Min <=   0.0  0
Min <= -18.0  0
Max Rain: 0.8 on day 1
Days of Rain: 20 (>= 0.2 mm)  0 (>= 2.0 mm)  0 (>= 20.0 mm)
Heat Base: 18.3  Cool Base: 18.3  Method: Integration