NOAA-Style Climate Reports


Report for 2018 September
                   Monthly Climatological Summary for Sep 2018

Name: Nightingale Weather   City: Eastleigh   State: Hampshire, UK
Elevation: 26 m  Lat: N 50 57 56   Lon: W 001 22 50

                  Temperature (°C), Rain (mm), Wind Speed (mph)

                                      Heat  Cool        Avg
    Mean                              Deg   Deg         Wind                 Dom
Day Temp  High   Time   Low    Time   Days  Days  Rain  Speed High   Time    Dir
----------------------------------------------------------------------------------
01  16.7  23.2   12:32   9.8   05:10   3.1   1.5   0.0   2.4  15.0   14:04    SE
02  17.2  23.9   14:58  10.3   05:54   2.7   1.6   0.0   2.0  13.0   12:40    SE
03  17.7  25.4   14:53  10.1   06:04   2.7   2.1   0.0   0.8  10.0   18:39   SSW
04  17.6  23.3   15:34  13.8   06:31   1.8   1.2   0.0   1.2  10.0   01:05     N
05  17.4  22.4   16:00  13.8   02:16   1.8   0.9   0.0   1.9  13.0   11:14   NNW
06  15.6  21.6   13:03   9.9   06:45   3.0   0.3   0.0   3.5  16.0   15:06   WNW
07  14.2  19.7   16:30   8.9   06:30   4.2   0.1   0.0   3.2  18.0   17:26   WNW
08  14.4  19.1   14:47   8.9   02:49   3.9   0.0   0.0   1.7  14.0   16:17    SW
09  17.9  23.1   13:24  14.5   03:11   1.4   1.0   0.0   2.6  19.0   13:52    SW
10  17.0  20.4   13:58  13.6   06:51   1.7   0.4   0.0   3.3  17.0   16:49    SW
11  18.9  21.2   13:20  17.5   05:41   0.2   0.8   0.0   3.9  18.0   00:58    SW
12  13.9  18.2   00:00   9.3   23:56   4.4   0.0   5.8   1.2  14.0   03:58    NW
13  13.1  20.1   16:05   6.5   06:33   5.3   0.1   0.2   1.7  15.0   15:56   WNW
14  14.1  18.4   14:32   9.9   04:00   4.2   0.0   0.0   2.3  17.0   11:15   WSW
15  14.9  20.5   15:50   8.9   06:46   3.7   0.3   0.0   1.8  15.0   16:12    SW
16  16.8  22.2   14:47  11.3   03:26   2.3   0.8   0.0   2.3  16.0   12:01   SSW
17  19.5  24.0   15:02  16.6   23:00   0.4   1.6   0.0   3.9  20.0   15:39   SSE
18  18.8  20.8   12:19  17.3   07:08   0.1   0.6   0.0   5.9  27.0   05:11   SSW
19  18.7  21.2   15:13  17.4   23:28   0.2   0.6   2.4   5.6  31.0   15:20   SSW
20  18.6  20.2   15:02  17.3   05:19   0.2   0.5   3.0   6.6  32.0   21:39     S
21  13.8  18.3   00:01  10.1   07:13   4.5   0.0   5.4   7.0  31.0   00:34   WSW
22  11.9  13.7   09:23  11.2   15:45   6.4   0.0  11.2   2.4  15.0   19:58     S
23  10.8  14.3   15:05   7.2   22:56   7.5   0.0  11.4   2.8  23.0   11:17    NW
----------------------------------------------------------------------------------
    16.1  25.4     3     6.5    13    65.7  14.4  39.4   3.0  32.0    20      SW

Max >=  27.0  0
Max <=   0.0  0
Min <=   0.0  0
Min <= -18.0  0
Max Rain: 11.4 on day 23
Days of Rain: 7 (>= 0.2 mm)  6 (>= 2.0 mm)  0 (>= 20.0 mm)
Heat Base: 18.3  Cool Base: 18.3  Method: Integration